visor of 113867760 and 80?
80
What is the greatest common factor of 5330 and 776458?
82
Calculate the greatest common factor of 116925809 and 3388.
847
Calculate the greatest common divisor of 85672460 and 10.
10
What is the greatest common factor of 11990 and 2411420?
110
What is the greatest common divisor of 152219400 and 30?
30
What is the highest common factor of 1946214319 and 259?
259
Calculate the highest common divisor of 24375 and 125025.
75
Calculate the highest common factor of 253319 and 1419.
11
Calculate the highest common factor of 102930 and 1496010.
1410
What is the highest common divisor of 238450190 and 18945?
2105
Calculate the greatest common factor of 530 and 85316485.
265
Calculate the highest common divisor of 14579999 and 36064.
1127
Calculate the highest common divisor of 356152 and 3000.
8
What is the highest common factor of 4318 and 186524?
34
What is the highest common factor of 35 and 23145445?
5
What is the highest common factor of 325419 and 2345?
67
Calculate the highest common divisor of 456 and 16398168.
24
What is the highest common factor of 95860 and 6268?
4
Calculate the highest common divisor of 21814320 and 7920.
2640
Calculate the highest common divisor of 445 and 869797.
89
What is the highest common factor of 59836 and 58464?
28
What is the greatest common divisor of 125884 and 39750734?
5722
What is the greatest common divisor of 110484 and 2966049?
279
What is the greatest common factor of 52212 and 78014?
38
What is the highest common factor of 3450 and 211462?
46
What is the highest common divisor of 93455292 and 654?
654
Calculate the highest common factor of 194213 and 1845560.
1073
Calculate the greatest common factor of 363 and 372332004.
363
What is the highest common divisor of 61774 and 396506?
134
Calculate the highest common divisor of 204 and 1086396.
12
What is the greatest common factor of 51072 and 66899?
133
Calculate the highest common factor of 52245158 and 262.
262
What is the greatest common factor of 13103332 and 638?
22
Calculate the highest common divisor of 19519196 and 272.
68
What is the greatest common factor of 690126038 and 28?
14
What is the highest common factor of 52 and 58847204?
52
What is the greatest common divisor of 7888995 and 1505?
215
What is the greatest common divisor of 8409618 and 84?
42
Calculate the highest common divisor of 2119 and 3268150.
163
Calculate the greatest common factor of 1197 and 149365251.
1197
What is the greatest common divisor of 144892 and 535612?
1628
Calculate the highest common divisor of 19730678 and 127259.
5533
Calculate the highest common factor of 63476 and 59.
1
What is the greatest common factor of 8804 and 1310944?
284
Calculate the highest common divisor of 22 and 566752714.
22
Calculate the highest common divisor of 4 and 705436164.
4
What is the greatest common divisor of 75619746 and 1338?
1338
Calculate the greatest common factor of 23490 and 133488.
162
Calculate the highest common factor of 15688 and 4269256.
424
What is the highest common factor of 260353840 and 880?
80
What is the highest common factor of 816706 and 638?
22
Calculate the highest common divisor of 16796 and 1730957.
323
Calculate the greatest common factor of 75719198 and 231362.
7978
What is the highest common factor of 373 and 63902733?
373
Calculate the greatest common divisor of 5 and 423935.
5
What is the highest common factor of 6156 and 3981108?
228
Calculate the highest common divisor of 17882678 and 44.
22
Calculate the greatest common divisor of 6080564 and 168.
28
Calculate the greatest common factor of 187986 and 1430567.
323
What is the greatest common factor of 28 and 31612148?
4
Calculate the highest common divisor of 7620858 and 378.
378
What is the greatest common factor of 7291428 and 36?
12
What is the greatest common divisor of 136944548 and 1417?
1417
What is the greatest common divisor of 14807 and 13377351?
221
What is the greatest common divisor of 68 and 49697?
1
Calculate the highest common divisor of 2295 and 853230.
255
What is the highest common factor of 215907 and 30968?
79
What is the greatest common divisor of 603934 and 77786?
874
What is the greatest common divisor of 260 and 347960?
20
Calculate the highest common divisor of 5233 and 2069.
1
Calculate the highest common divisor of 3447 and 3923835.
1149
What is the highest common divisor of 19385025 and 75?
75
Calculate the highest common factor of 15004240 and 4736.
592
What is the highest common factor of 16 and 53604176?
16
Calculate the greatest common factor of 37732032 and 1440.
288
What is the highest common divisor of 236 and 50075188?
236
What is the greatest common factor of 429 and 39974077?
143
What is the highest common factor of 246294 and 3348?
54
What is the highest common factor of 63975 and 110775?
75
What is the greatest common factor of 2938 and 1156558?
26
Calculate the greatest common factor of 81 and 9199998.
9
What is the greatest common divisor of 839281 and 146?
73
What is the highest common factor of 3522 and 434102349?
1761
Calculate the greatest common factor of 3328 and 594688.
256
What is the highest common divisor of 319 and 233384866?
319
What is the highest common factor of 26874430 and 220?
110
Calculate the highest common divisor of 2 and 69313.
1
Calculate the greatest common divisor of 371811624 and 510.
102
Calculate the highest common divisor of 523137911 and 1126.
563
What is the highest common divisor of 45630 and 7290?
270
What is the greatest common factor of 33648 and 12144?
48
Calculate the highest common factor of 18727009 and 47.
47
Calculate the greatest common factor of 5865 and 1570647.
1173
Calculate the greatest common factor of 344 and 134299148.
172
What is the greatest common divisor of 514 and 185024580?
514
Calculate the highest common factor of 478539574 and 5254.
5254
Calculate the greatest common divisor of 135114 and 92167050.
19302
Calculate the highest common divisor of 2450 and 1525450.
50
Calculate the highest common divisor of 5345 and 112890676.
1069
Calculate the highest common factor of 239286353 and 94.
47
What is the greatest common divisor of 2510 and 36210?
10
Calculate the highest common divisor of 362892439 and 91.
91
Calculate the highest common factor of 191783935 and 35.
35
Calculate the highest common divisor of 3238005 and 150.
15
Calculate the greatest common divisor of 28098984 and 592.
296
What is the greatest common factor of 60100071 and 471?
471
What is the highest common factor of 14 and 16657?
1
What is the greatest common divisor of 806145 and 8251?
223
Calculate the greatest common factor of 702 and 410238.
54
Calculate the greatest common divisor of 15887997 and 6869.
6869
What is the greatest common divisor of 4788393 and 14007?
2001
What is the highest common factor of 12060 and 27329970?
2010
Calculate the greatest common divisor of 36096837 and 100142.
2177
What is the highest common factor of 2309272713 and 297?
297
Calculate the greatest common divisor of 598517150 and 825.
275
What is the highest common divisor of 15835820 and 166894?
1274
What is the highest common factor of 818 and 30085631?
409
What is the highest common divisor of 277720 and 58295?
655
Calculate the greatest common factor of 1167 and 18056991.
1167
What is the greatest common factor of 15957 and 2375623?
197
What is the highest common factor of 309158835 and 60?
15
What is the greatest common divisor of 198 and 10550298?
66
What is the greatest common divisor of 126 and 194520627?
63
What is the greatest common divisor of 762160 and 22848?
112
Calculate the highest common divisor of 3697216 and 8.
8
Calculate the greatest common divisor of 14 and 109866.
2
Calculate the greatest common divisor of 79493946 and 42.
42
What is the highest common factor of 988423 and 5761?
823
Calculate the highest common factor of 856 and 16994596.
428
What is the greatest common divisor of 8073546 and 117?
39
What is the highest common factor of 272987182 and 26?
26
Calculate the highest common divisor of 1788 and 15553067.
149
Calculate the highest common factor of 1536 and 4889856.
768
What is the greatest common factor of 99 and 528187?
11
What is the greatest common factor of 3200673 and 955479?
3633
C